*t = -2. Let u be (-1)/(t - (-14)/6). List the prime factors of (18/15)/(u/(-20)).
2
List the prime factors of (12/(-14))/(2/(-42)).
2, 3
Let c = 1 - 1. Suppose 2*t - 20 - 4 = c. What are the prime factors of 122/t + (-2)/12?
2, 5
Suppose -36 = -4*m + 12. Suppose 2*j - 5*g = -1 + 3, -4*g - 8 = 0. Let x = m + j. What are the prime factors of x?
2
Let j(v) = -v - 4. Let t be j(5). Let h be (-8 - -2)*(-6)/t. Let x(l) = -l**3 - 4*l**2 - 3*l. List the prime factors of x(h).
2, 3
Suppose 0 = 4*z + q - 308, 99 + 132 = 3*z - 3*q. What are the prime factors of z?
7, 11
Let k = 188 - 119. List the prime factors of k.
3, 23
Suppose -6*t + t = -4*r - 38, -2*t + 6 = 3*r. Let w(m) = 5*m - 12. List the prime factors of w(t).
2, 3
Let u(h) = 29*h**3 - 2*h**2 + 1. What are the prime factors of u(1)?
2, 7
Suppose 0 = -2*z + d + 73, -z + 4*d - 176 = -6*z. List the prime factors of z.
2, 3
Let n be 104/24 - 2/6. Let a = 11 + n. List the prime factors of a.
3, 5
Suppose 162 = 10*t - 568. What are the prime factors of t?
73
Let h(f) = f**2 - 6*f + 7. Let v be h(5). Suppose k = 3*k + 5*x - 14, -v*x + 2 = -k. List the prime factors of k.
2
Suppose -48*m = -51*m + 690. List the prime factors of m.
2, 5, 23
Suppose 4*c + 6 - 130 = 0. List the prime factors of c.
31
Let q = 12 - 10. Suppose 2*u - 80 = -4*p, -q*u = -p + 41 - 11. What are the prime factors of p?
2, 11
What are the prime factors of (-3)/(((-2)/74)/1)?
3, 37
List the prime factors of 1 + 46*6/12.
2, 3
Let k be 3/1 + (-8 - -2). Let h = 50 - k. List the prime factors of h.
53
Let n = 0 - -13. Suppose -d + n + 7 = 0. Let i = d - 7. List the prime factors of i.
13
Suppose -19 = 3*r - 4*r. What are the prime factors of r?
19
Suppose -p + 6*p = 10. Suppose m - 35 = 3*x, x = -m + p*x + 27. List the prime factors of m.
23
Let j be 57/12 + 1/4. Suppose -7*y - 10 = -2*y, -j*y = -3*m + 748. What are the prime factors of (-2)/(-7) - m/(-21)?
2, 3
Let w(v) = -v**2 + 7*v - 2. Suppose -2*t - 4*f + 9 = -t, 4 = 4*f. Let p be w(t). List the prime factors of 1 + (-5)/((-10)/p).
5
Let j = -1 - -3. Let q be (j + -4 + 0)/(-1). Suppose -k = q*k - 39. List the prime factors of k.
13
Suppose -n - 2 = -2*n. Let v = -3 + n. What are the prime factors of (1/v)/((-2)/4)?
2
Let q = 93 + 3. What are the prime factors of q?
2, 3
Suppose 5*r + 9*b - 580 = 4*b, 124 = r + 3*b. List the prime factors of r.
2, 7
Suppose -3*u + 0*u = 0. Suppose 0 = -3*i - 9, 2*w + u*w = -5*i + 29. What are the prime factors of w?
2, 11
Let t(n) = n**3 - 5*n**2 + 2*n - 1. Let b be t(5). Suppose -4*s = 5*y - 7*s - b, 0 = -4*y - 5*s + 22. What are the prime factors of y?
3
Suppose 3*w + 0*r - 4*r - 26 = 0, 0 = 3*w + 3*r - 33. Let p(b) = b - 3. What are the prime factors of p(w)?
7
Let c(x) = -x**2 + 10. Let s be (2*(-1)/(-1))/2. Let y be 1 + -2*1 + s. List the prime factors of c(y).
2, 5
Let c = 19 + -5. Suppose c = -5*t + 29. List the prime factors of t.
3
Suppose -4*x + 12 = -0*x. Suppose 4*m - 9 - x = 0. What are the prime factors of m?
3
Let u(h) = -h**2 - 13*h - 4. Suppose l = w - 2*l - 2, 3*l = 0. Let b be 11*(1 - 4/w). What are the prime factors of u(b)?
2, 3
Let q = -4 + 11. Let h(n) = n**3 - 7*n**2 + 3*n - 1. List the prime factors of h(q).
2, 5
Let i be (9/(-12))/(-1)*4. Suppose 0 = i*l - 5*l + 6. Suppose -4*d = -4*r - 44, -l*d - 3*r + 79 = 2*d. List the prime factors of d.
2, 7
Let u(w) = 4*w**2 + 3*w + 34. List the prime factors of u(7).
251
Let c = 10 - -37. Suppose -n - 3 = -3*r + c, r - 14 = 3*n. List the prime factors of r.
17
Suppose 3*l - 61 = -3*x + 140, 0 = -4*l - 5*x + 266. List the prime factors of l.
3, 23
Let i(o) = o**3 - o**2 + 4*o + 2. What are the prime factors of i(6)?
2, 103
Suppose 0 = 3*k + 5*n + 3, 3*k + n = -n + 6. Let g = -2 + k. Suppose 5*s = -g*p - 3 + 32, -p = s - 13. What are the prime factors of p?
2, 3
Suppose 5*w - 2*z = 2*z + 617, -2*z = 3*w - 379. What are the prime factors of w?
5
Suppose 13*k = 8*k + 350. List the prime factors of k.
2, 5, 7
Let l(x) = x - 3. Let a be l(3). Suppose -4*z + 11 = -a*z - v, -3*z + v + 8 = 0. Suppose o - 10 = -2*g, z*g + 9 = 2*o - 18. What are the prime factors of o?
2, 3
Let z = -2 + -2. Let m(r) = r. Let g be m(z). What are the prime factors of (100/5)/(g/(-2))?
2, 5
Let u(z) = 7*z + 2. Let t be u(-2). Let d = t - -18. List the prime factors of d.
2, 3
List the prime factors of -18*3*(-8)/18.
2, 3
Let q(f) = -f**3 + 11*f**2 - 5*f + 22. List the prime factors of q(10).
2, 3
Let q be (-20)/(-12)*(6 - 3). Suppose 0 = q*t, -z + 5*z = 4*t + 148. What are the prime factors of z?
37
Let z(k) be the third derivative of k**6/120 + k**5/4 - k**4/8 - 8*k**3/3 + 3*k**2. What are the prime factors of z(-15)?
29
Let b(l) = -l**2. Let m(n) = -n**3 - 5*n**2 + 4*n - 1. Let k(z) = 5*b(z) - m(z). List the prime factors of k(3).
2
Let o = -134 - -210. List the prime factors of o.
2, 19
Let c = -4 + 8. Suppose 0 = w - 3*w - c*g + 50, w - 13 = g. What are the prime factors of w?
17
Let z(m) = m**3 - 5*m**2 + 6*m - 4. Let q be z(4). Suppose 0*h + q*l - 35 = -5*h, 2*l = -4*h + 28. List the prime factors of h.
7
List the prime factors of 8/28*1 + (-971)/(-7).
139
Let y(n) = 5*n - 72. List the prime factors of y(17).
13
Suppose 0 = 2*z - 3*v - 85, v + 6 = 3*v. What are the prime factors of z?
47
Let t be (3 - (-10)/(-4))*6. Let c(v) = 9*v + 2. List the prime factors of c(t).
29
Suppose 3*a - 5*q = -0*q + 15, -2*a - 2*q - 6 = 0. Suppose u - 4 = -a*u. Suppose 4*x - z - 44 = -x, u*x - 28 = -z. What are the prime factors of x?
2
Let k(j) = -j**3 + 12*j**2 + 25*j - 16. What are the prime factors of k(10)?
2, 7, 31
Let c = 6 - 10. What are the prime factors of 1 + c + 0 - -12?
3
Let f(j) = 27*j**2 + 3*j - 3. List the prime factors of f(-3).
3, 7, 11
Let a(x) = 42*x**2 + x. List the prime factors of a(1).
43
Let z(c) = 3 - 2 - 3 + 0*c**2 + c**2. List the prime factors of z(4).
2, 7
Suppose 0 = -5*t + 3 + 92. What are the prime factors of t?
19
Let m(z) = -2*z + 34. List the prime factors of m(-18).
2, 5, 7
Let b = -118 - -196. Let p = b - 47. List the prime factors of p.
31
Let p(o) = 27*o**2 - 6*o - 5. What are the prime factors of p(-1)?
2, 7
Let v = -2 - -6. Suppose v*n - 7 = 3*n. What are the prime factors of n?
7
Let u(o) = -o**2 + 6*o + 10. Let d be u(7). Let r be 3/2*(-8)/(-12). List the prime factors of (-4 - d)*(-2 + r).
7
Suppose -3*i - 24 = -x, x = -3*x - 2*i + 110. List the prime factors of x.
3
List the prime factors of (10 - 18)/(1/(-2)).
2
Suppose d = 3*d, 0 = 3*n - 3*d - 231. List the prime factors of n.
7, 11
Let s be (2*(2 + 0))/1. Suppose 6*d - 20 = s*d. What are the prime factors of d?
2, 5
Let w = 5 + -4. Let r = w - -2. List the prime factors of r.
3
Let u = 99 + -51. Let x = u + -21. List the prime factors of x.
3
Suppose -2*k = -5*w, 4*k = 5*k + 4*w. Suppose k = d - m - 5, m - 5 + 0 = -4*d. What are the prime factors of d?
2
Suppose -d - 4*d + 15 = 0. Let m be (24/18)/(4/6). Suppose 2*h = -s + 14, -d*h + 2*s + 53 = m*h. What are the prime factors of h?
3
Suppose -3*s + 642 = -2*a - a, -2*s = 2*a - 432. List the prime factors of s.
5, 43
Let n(g) = 10*g**3 - 19*g**2 + 4*g - 14. Let q(o) = 3*o**3 - 6*o**2 + o - 5. Let a(x) = -2*n(x) + 7*q(x). What are the prime factors of a(5)?
13
Let n be 0 - ((-9)/3 - -1). Suppose 0 = -0*i + 5*i + w - 91, n*i = 3*w + 50. List the prime factors of i.
19
Let x(v) = -3*v - 3. Let b be x(-2). Suppose b*n + 26 = 5*r - 11, 5*r = -n + 21. Suppose -5*s - 5*t = -50, -r*s + 2*t + 50 = t. List the prime factors of s.
2, 5
Let m = 4 - 2. Let t = m - -8. What are the prime factors of t?
2, 5
Suppose -5*h = -4*u + 149, 2*h = -3*u - u + 114. List the prime factors of u.
31
Suppose -w = -6*w + 2*c + 37, c = 2*w - 15. Suppose -3*j + 4*j = w. What are the prime factors of j?
7
Let q(i) = 2*i**2 + 4*i. Let h be q(-4). Let a = h - -3. What are the prime factors of a?
19
Let m = -36 + -6. Let i = -21 - m. What are the prime factors of i?
3, 7
Let g = 150 + 113. What are the prime factors of g?
263
Suppose 0 = 4*d + 43 - 139. Let z = -7 + d. What are the prime factors of z?
17
Let d = -6 - -7. Let n be 2 + -1 + d*3. Suppose 5*y + b + 3*b = 44, 5*b = -n*y + 37. What are the prime factors of y?
2
Suppose 3*g - 327 - 57 = 0. Suppose 0 = d + 3*d + g. Let k = 53 + d. What are the prime